ate the remainder when (2*6/(-48))/(3/(-684)) is divided by (-1)/((-3)/60) - -1.
15
Suppose -2*i + 2*a = -2, a + 4 = 9. Suppose -5*c - 293 = -358. What is the remainder when c is divided by i?
1
Let m be (0 - 8)*(-3)/6. Suppose -41 = -m*y + 107. What is the remainder when y is divided by 8?
5
Suppose -4*w + 91 = -q - 106, -5*w = -5*q - 235. Calculate the remainder when w is divided by (1 + 0)/((-4)/(-36)).
5
Let s = 54 - 37. Suppose 0 = -2*i + 5*g + s, 2*i - g - 79 = -2*i. Calculate the remainder when 124*(-5 - 33/(-6)) is divided by i.
20
Let f(m) = m**2 - 2*m - 6. Let r = 54 - 51. Suppose -2*y - 5 = -r*y. Calculate the remainder when f(-4) is divided by y.
3
Let g = 0 + -1. Let v(c) = -2*c**3 + c**2 + c. Let u be v(g). Suppose 2*t + u*m - 96 = 0, -96 = 3*t - 5*t + m. Calculate the remainder when t is divided by 13.
9
Let c(h) = -19*h**3 - h**2 + h. Let f be (-6)/(-4) - 3/6. Let a be c(f). Let x = a - -28. What is the remainder when 34 is divided by x?
7
Let c = 12 + -6. Suppose 138 = 8*w - c*w. What is the remainder when w is divided by 36?
33
Let j(b) = b**3 - 5*b**2 - 6*b + 4. Let q be j(6). Suppose 3*d - 7*d = k, -2*k = 4*d - q. What is the remainder when 33 is divided by ((-24)/14)/(k/(-42))?
15
Suppose 3*o - 33 = 4*o. Let x = 77 + -29. Let f = o + x. What is the remainder when 43 is divided by f?
13
Let g(r) be the second derivative of -r**4/12 - 5*r**3/2 - 2*r**2 - 9*r. What is the remainder when g(-14) is divided by (7/4)/(6/24)?
3
Let g = 1300 - 1088. What is the remainder when g is divided by 95?
22
Let l(c) = -12*c - 10. Calculate the remainder when l(-10) is divided by 56.
54
Suppose -7 = -7*o + 35. What is the remainder when 39 is divided by ((-8)/o*11)/(8/(-12))?
17
Suppose 2*f = -0 + 2. Calculate the remainder when 4 is divided by 6/2 + 0 + f.
0
Suppose 3165 = 21*p - 1182. Calculate the remainder when p is divided by 72.
63
Let r(t) = -17*t + 416. Calculate the remainder when 136 is divided by r(22).
10
Suppose -4*j + 7*j - 3*q = 15, -3*q + 13 = j. Suppose -j*n = -n - 36. Calculate the remainder when 27 is divided by n.
3
Suppose 0 = -162*v + 144*v + 2106. What is the remainder when v is divided by 40?
37
Calculate the remainder when (1762124/(-42))/(-26) - (-1)/3 is divided by 85.
84
Let o = -912 + 1244. Calculate the remainder when o is divided by 56.
52
Let v(p) = -p**2 + 16*p + 2. Let z(n) = -n**2 - 5*n + 6. Calculate the remainder when v(11) is divided by z(-3).
9
Let c(r) = r + 20. Let g be c(0). Suppose -q = -n + q + 3, 3*q - g = -2*n. Calculate the remainder when n is divided by (-4)/(-8 - -4) - -2.
1
Suppose -y + 14 = o + 3*y, -3*o = -5*y - 76. Calculate the remainder when 64 is divided by o.
20
Let w = -153 - -175. What is the remainder when 85 is divided by w?
19
Let s = -647 - -915. Calculate the remainder when s is divided by 13.
8
Let u = -49 + 178. Let y = u - 56. Calculate the remainder when y is divided by 19.
16
Let y = 666 + -607. What is the remainder when 1946 is divided by y?
58
Let i(z) = -z**3 - z**2 + 4*z - 3. Suppose 660 = 11*k - k. Suppose -k = -4*v - 26. What is the remainder when i(-4) is divided by v?
9
Suppose 0*r + 2*r = -6. Let g be (0/(-2 - r))/2. Suppose -2*o = -n + 13, -4*o + 3 - 7 = g. Calculate the remainder when 31 is divided by n.
9
Let i = 660 + -658. What is the remainder when 14 is divided by i?
0
Let h(w) = 20*w + 84. Calculate the remainder when h(3) is divided by 3.
0
Suppose 7 = -5*g + 407. Calculate the remainder when g is divided by 27.
26
Suppose 5 = b - 0*b. Suppose 0*m - 4*m + 4*i = -136, b*m = -2*i + 135. What is the remainder when m is divided by (11/(-4))/((-4)/16)?
7
Suppose -3*z - d = -48, -5*z + 13*d + 60 = 8*d. What is the remainder when 205 is divided by z?
10
Suppose -51 = 5*f - 2*f. Let d = -28 - f. What is the remainder when (-2 + 11)/((-1)/d) is divided by 25?
24
Let l(c) = c**2 + 9*c + 5. Let i be l(-9). Let m(g) = -15*g - 4. Let b be m(i). What is the remainder when (-1)/(-2 + (-157)/b) is divided by 20?
19
Let u be (2/8)/(-1) - 560/64. Let l(y) = y**3 + 9*y**2 - y + 3. What is the remainder when 35 is divided by l(u)?
11
Suppose -46*r = -9*r - 5143. What is the remainder when r is divided by 20?
19
Let s = 535 + -517. What is the remainder when 79 is divided by s?
7
Suppose 2*t - 4*a = -t + 651, -3*a = 0. What is the remainder when t is divided by 55?
52
Let j = 142 - 65. Let o be 598/143 - 4/22. Suppose 5*r + 10 = 4*l + 106, -l = -o*r + 79. What is the remainder when j is divided by r?
17
Let h = -238 - -277. What is the remainder when h is divided by 9?
3
Let j(t) = -2*t**2 - 4. Let g be j(-3). Calculate the remainder when 114 is divided by 4 - (g + (-9)/3).
27
Let u(c) = c**3 - 11*c**2 - 12*c + 2. Let a be u(12). Calculate the remainder when (1 - -1)*(1 + 16) is divided by ((-25)/a - 1)/((-21)/28).
16
Suppose 2*t = 5*m - 18, -t - 36 = 3*t + m. Let i be (6/t)/((-1)/15). What is the remainder when 52 is divided by 9/(-9) + i + 2?
8
What is the remainder when 45 is divided by (-6)/42 - (-2)/((-28)/(-198))?
3
Let f = 20 - 11. Suppose f*v - 7*v = 24. Calculate the remainder when v is divided by 2/3 + (-19)/(-3).
5
Suppose z = 3*g - 3*z - 64, g - 34 = -5*z. What is the remainder when 164 is divided by g?
20
Suppose -465 = -5*x + j, 132 + 145 = 3*x - j. Calculate the remainder when x is divided by 54.
40
Let l = 87 + -53. Let f = -252 + 166. Let w = 98 + f. What is the remainder when l is divided by w?
10
Suppose -3*w + 18 = -30. Suppose -4*d + 205 = -43. Calculate the remainder when d is divided by w.
14
Let v = 953 - 945. Calculate the remainder when 90 is divided by v.
2
Calculate the remainder when 138 - (4/(-24) + (-65)/(-30)) is divided by 48.
40
Let g = 63 - 106. Let f = g - -61. Calculate the remainder when 87 is divided by f.
15
Let v = -119 - -131. What is the remainder when v is divided by 3?
0
Suppose -3*k = -3, -6*y + 2*k + 93 = -y. Let u(l) = 3*l - 4. Let h be u(-3). What is the remainder when y is divided by (0 + 1)*(-6 - h)?
5
Let c = 13 + -23. Let o(f) = f**3 - 3*f**2 + 3*f - 3. What is the remainder when (25/c + 3)*30 is divided by o(3)?
3
Let g be -26*1*(-1)/2. Suppose 186 = g*c - 9. Calculate the remainder when 39 is divided by c.
9
Suppose d = -9*d + 360. Suppose -55 = -5*o - i + 4*i, 0 = -2*o + 2*i + 18. What is the remainder when d is divided by o?
8
Suppose 4*s = -49 + 65, 0 = l + 2*s - 25. Calculate the remainder when 560 is divided by l.
16
Suppose 16*j = 13*j - 93. Let v = 108 - 7. Let s = v + j. Calculate the remainder when s is divided by 18.
16
Suppose -7186 = -4*r - h, 31*h - 3598 = -2*r + 33*h. Calculate the remainder when r is divided by 20.
17
Calculate the remainder when 5/(-30) + 2264/48 is divided by 5.
2
Suppose k + j = 11, k = -k + 3*j + 2. Suppose -8*v + k*v = -10. What is the remainder when 1/((-2)/(-34 + 0)) is divided by v?
7
Suppose -178 = 3*m - 4*a, 0 = 2*m - 2*a - 0*a + 122. Let f = m + 99. Calculate the remainder when f is divided by 7.
5
Let z be (-119)/(-9) + (-4)/18. Suppose -z*t = -15*t + 6. Suppose 0 = t*o + o - 44. Calculate the remainder when o is divided by 6.
5
Suppose -6 = -3*f + 5*f - 2*d, -4*d = 0. What is the remainder when 20 is divided by ((-35)/15)/(f/9)?
6
Suppose 15*i = 13*i + 128. What is the remainder when 254 is divided by i?
62
Suppose -5*r - 5*t - 14 - 6 = 0, 5*r - 3*t = -36. Calculate the remainder when 38 is divided by ((-28)/5)/((-11)/((-165)/r)).
10
Let q = -37 + 54. Suppose -6*c + c + 4*l = 386, -c + 3*l = 75. Let b = 88 + c. Calculate the remainder when q is divided by b.
7
Let f(q) = 2*q**2 + 2*q - 22. What is the remainder when 212 is divided by f(-5)?
14
Suppose 30*w = 62*w - 768. Calculate the remainder when 185 is divided by w.
17
Let q be (4/(-5))/((-6)/15). Let w(m) = 2*m**2 - 5*m + 5. Calculate the remainder when (31/q)/(12/24) is divided by w(3).
7
Let o be ((-3)/6*-4)/(-2). Calculate the remainder when 28 is divided by 13 - ((3 - o) + -2).
6
Let i = -106 - -160. Calculate the remainder when 63 is divided by i.
9
Let s(j) = -j**3 - 7*j**2 + 12*j - 9. Let c(t) = 3*t**3 - 2*t**2 + t - 2. Calculate the remainder when s(-9) is divided by c(2).
13
Suppose 3*s - 16 = 2*w + 5*s, -4*w - 48 = -4*s. Let h = w - -14. Suppose -4*g + 8 = 0, 0 = 2*a - h*g - 61 - 37. What is the remainder whe